0. What is the remainder when t is divided by l?
4
Suppose -341 = 5*c - 1236. What is the remainder when c is divided by 60?
59
Let t = -25 + 51. Let u = 18 - 172. Calculate the remainder when u*(0 + 2)/(-4) is divided by t.
25
Calculate the remainder when 75 is divided by (16/(-6))/((-26)/195).
15
Suppose 4*q - 4*n = q + 442, -6 = -3*n. Suppose 0 = 5*l + 25, 2*v - q = l - 19. Calculate the remainder when v is divided by 17.
12
Suppose 0 = k + 2 - 1. Let u = 1931 - 1925. What is the remainder when (k - (-8 + -1)) + 2 is divided by u?
4
Suppose 0 = 2*c, 0*c = -3*l + 5*c + 18. Suppose 0 = -2*m - 5*h + 79 + 35, 0 = -4*m - 3*h + 228. What is the remainder when 7 is divided by 10/l - (-19)/m?
1
What is the remainder when 245 is divided by 28*(15/21 + 1)?
5
Suppose 5*p - 4*g - 1531 = 0, -5*p + 1535 = 3*g - 8*g. Calculate the remainder when p is divided by 104.
95
Let d(w) = 2*w**2 - 5*w + 15. Calculate the remainder when 77 is divided by d(5).
37
Suppose 3*k - 4*d - 221 = 0, 5*k + 58*d = 56*d + 325. Calculate the remainder when 220 is divided by k.
19
What is the remainder when 171 is divided by ((-4)/2)/((-102)/1479)?
26
Suppose -73*l + 2*a + 20 = -71*l, -4*a = 2*l - 44. Calculate the remainder when 1300 is divided by l.
12
Let v = -2693 - -2701. What is the remainder when 677 is divided by v?
5
Suppose 213 + 15 = 4*f. What is the remainder when 1195 is divided by f?
55
Let q be (120/50)/((-6)/(-80)). What is the remainder when 7*1/(-4*(-2)/q) is divided by 10?
8
Let q be (-1 - -7) + 4/1. Suppose -h - 82 = -4*k, 5*h + q = -0. Calculate the remainder when 37 is divided by (-6)/(-10) + 388/k.
17
Suppose 3*y - 5*f - 44 = 0, -2*y + y - 2*f = -11. Calculate the remainder when 48 is divided by y.
9
Let c = 1 - -105. Suppose 394 = 61*m - 216. Calculate the remainder when c is divided by m.
6
Let y = -8 - -13. Let n(g) = g**2 - 3*g + 12. What is the remainder when 64 is divided by n(y)?
20
Let w(m) = 10*m - 5. Let l(s) = -51*s + 25. Let q(v) = -2*l(v) - 11*w(v). Calculate the remainder when q(-5) is divided by 16.
13
Suppose 0 = -3*p + 157 + 71. Calculate the remainder when p is divided by (-46)/(-4) + (-1)/2.
10
Let y(h) = -h**2 - 11*h + 1. Suppose -4*u - 28 - 44 = -4*p, -3*p + 46 = u. What is the remainder when y(-6) is divided by p?
15
Suppose 146 = -2522*f + 2524*f. Calculate the remainder when 2626 is divided by f.
71
Let j(w) = 158*w**3 - w**2. Let s be j(-1). Let z = s + 312. What is the remainder when z is divided by 39?
36
Let n = -64 - -430. Calculate the remainder when n is divided by 37.
33
Let a = 87 - 40. Suppose -5*s = -5*v + 104 + 71, 0 = -v + 5*s + a. Calculate the remainder when 223 is divided by v.
31
Let n(p) = p**3 + 7*p**2 + 4*p. Let a be 5/3*(1 - -2). Suppose 0 = a*j + 20 + 10. Calculate the remainder when n(j) is divided by 7.
5
Let f(i) = -i**3 + 4*i**2 - 4*i + 4. Let x(z) = -2*z + 26. Let c be x(12). What is the remainder when f(c) is divided by 3?
1
Suppose 33 = 2*s - 141. What is the remainder when s is divided by 47?
40
Calculate the remainder when 78 is divided by 10/1 + 1 - 2.
6
Suppose -9*s = -14*s + 540. Calculate the remainder when s is divided by 25.
8
Let p = -35 - -50. Let k(l) = -l**3 + 16*l**2 - 13*l - 18. What is the remainder when 35 is divided by k(p)?
11
Let u(d) = 2*d**3 + 13*d**2 - 9*d - 13. Let b be u(-6). Suppose 0 = 2*m - 287 + b. What is the remainder when m is divided by 27?
24
Let d(p) be the second derivative of -p**4/12 - 5*p**3/3 - 9*p**2/2 + 8*p. Calculate the remainder when 22 is divided by d(-7).
10
What is the remainder when ((-120)/70)/((-14)/1813) is divided by 45?
42
Let z = 31 - 28. Suppose z*t - 293 = -2*w, -2*w - 105 = -t + w. Calculate the remainder when t is divided by 25.
24
Let i = 405 - 308. What is the remainder when 365 is divided by i?
74
Let c = 137 - 87. Calculate the remainder when 548 is divided by c.
48
Let v = 2833 + -2220. What is the remainder when v is divided by 23?
15
Let r(s) = s**2 + s + 4. Let o be 1 + 1*(-3 - -2). Let f be r(o). Suppose -f*x + 59 = -97. Calculate the remainder when x is divided by 21.
18
Let j(u) = -5*u - 1. Let m be j(-3). Calculate the remainder when 10 is divided by 54/15 + m/35.
2
Let t = 350 + -582. Let l = 97 + t. Let z = 189 + l. Calculate the remainder when z is divided by 14.
12
Let x = -207 + 250. Calculate the remainder when x is divided by 32.
11
Let p be 540/(-8)*24/9. Let g = -104 - p. What is the remainder when g is divided by 30?
16
Let k(c) = -2*c**2 + 9*c + 25. Calculate the remainder when 34 is divided by k(6).
6
Suppose -5*v = b - 58, -2*v - 11 = -2*b + 57. What is the remainder when 142 is divided by b?
28
Let w(g) = 4*g**2 - 10*g - 13. What is the remainder when w(-7) is divided by 51?
49
Let q(v) = -5*v - 30. Let z be q(9). Let p = -62 - z. Calculate the remainder when 4/(-6) - 77/(-3) is divided by p.
12
Let j = 9 - 5. Let l = 25 - j. What is the remainder when l is divided by 9?
3
Let l(i) = 2*i + 1. Let z be l(-1). Let y(m) = 4*m + 2. Let t(b) = -1. Let q(o) = z*y(o) + t(o). What is the remainder when 65 is divided by q(-5)?
14
Let j(t) = 8*t + 124. What is the remainder when j(14) is divided by 50?
36
Suppose 4*i - 103 = 133. Calculate the remainder when i is divided by 16.
11
What is the remainder when 82 is divided by (75/7 - -2) + 2/7?
4
Let i(r) = 6*r - 4. Let c be (-10 - -9)*(-3 - 0). What is the remainder when 109 is divided by i(c)?
11
Calculate the remainder when 199 is divided by 5 - ((-1056)/112)/((-2)/(-14)).
57
Suppose 4*a = 2*d - 5*d + 12, -d - 16 = -2*a. Suppose 4*b = 4*x - 72, b = 4*x - 76 + 1. What is the remainder when x is divided by a?
1
Calculate the remainder when (-120)/(-9) + (-2)/6 is divided by 11.
2
Let r = -22 + 42. Suppose -13*l + 238 = -6*l. Calculate the remainder when l is divided by r.
14
Let n = -3918 + 3926. Suppose 0 = -5*d - y - 3*y + 40, 2*d - 3 = y. Suppose 3*j + 43 = -3*r + 5*r, 4*j - d = 0. What is the remainder when r is divided by n?
7
Let d be 0 + 2/(4/14). Suppose -p - p = y + d, -p = 2*y + 8. What is the remainder when 53 is divided by p/(-7) - (-576)/42?
11
Let a(g) = g**3 - 2*g**2 + 4*g - 6. Calculate the remainder when 250 is divided by a(4).
40
Suppose 0 = -95*k + 85*k + 1970. What is the remainder when k is divided by 69?
59
Suppose 0*j + 2*j - 72 = 0. Let o = 1931 + -1918. What is the remainder when j is divided by o?
10
Let c(g) = -g**3 - 8*g**2 + 4. Let s(j) = -2*j + 6. Let b be s(-3). Let y = 17 - b. Calculate the remainder when y is divided by c(-8).
1
Let s = -28 - -30. Suppose -115 = -5*g + 3*h, -h - s*h - 11 = -g. Calculate the remainder when g is divided by 10.
6
Suppose 192*w = 193*w - 41. What is the remainder when w is divided by 6?
5
Let o(k) = -3*k. Let r(h) = 5*h**3 - 4*h**2 + 9*h + 3. What is the remainder when r(2) is divided by o(-4)?
9
Suppose -11*j = 43 - 142. Let d(p) = -25*p**3 + 1. Calculate the remainder when d(-1) is divided by j.
8
Let t(q) = -10*q + 123. Let m = -10 + 42. What is the remainder when t(6) is divided by m?
31
Suppose 0 = -2*y, -r + 5*y - 44 = -5*r. Suppose -3*f = -5*v + 7, -f + v = 2*f + r. Let o = f + 14. What is the remainder when 18 is divided by o?
8
Suppose -q - 91 = -h + q, -h - q + 100 = 0. Suppose -1418*k - 88 = -1426*k. Calculate the remainder when h is divided by k.
9
Let t = 91 + -59. Suppose -i = 4*i - 95. Calculate the remainder when t is divided by i.
13
Let u(i) = i**2 + 15*i + 3. Let x be u(-15). Calculate the remainder when 64 is divided by 44/(-1 + x) + 2/1.
16
Suppose -2*j + c = -4*j + 35, 4*c = -5*j + 92. What is the remainder when 45 is divided by j?
13
Suppose 5*z = -w - 1, 2*z - 3 = w + 2*w. Let d(g) = -g**3 - 3*g**2 - 1. Calculate the remainder when d(-5) is divided by (w/(-3))/(1 - 76/78).
10
Suppose 0 = 4*j + 3*k - 203, 0*j - 2*k = -j + 48. Suppose -293*d = -295*d + 26. Calculate the remainder when j is divided by d.
11
Suppose 3*r = -2*r, 0 = z + 2*r - 18. Let a(p) = -15*p + 8. Let b be a(-7). Let t = 164 - b. What is the remainder when t is divided by z?
15
Let b = -9 + 9. Let n = 32 - b. Suppose n = 4*d + 4. Calculate the remainder when 11 is divided by d.
4
Suppose 2*m - 3*u - 41 = 0, -5*m - 10 = 4*u - 147. What is the remainder when 174 is divided by m?
24
Suppose 4*j - n = 7, 0 = -2*n + 2 - 0. What is 